{"id":9,"date":"2023-01-31T21:43:44","date_gmt":"2023-01-31T21:43:44","guid":{"rendered":"http:\/\/www.galijardin.com\/?page_id=9"},"modified":"2026-02-12T20:13:03","modified_gmt":"2026-02-12T20:13:03","slug":"acerca-de","status":"publish","type":"page","link":"https:\/\/www.galijardin.com\/index.php\/acerca-de\/","title":{"rendered":"\u00bf Quienes somos ?"},"content":{"rendered":"\n<p class=\"has-black-color has-text-color\"><em>En <strong>GALIJARD\u00cdN<\/strong> amamos nuestro trabajo , nuestra formaci\u00f3n y experiencia nos hace adaptarnos a cada proyecto , a cada persona y presupuesto. D\u00e9janos formar parte de tu proyecto y asesorarte para que juntos logremos tu objetivo de jard\u00edn , piscina o otros de los muchos servicios en los que nos formamos para ser el profesional en qui\u00e9n puedas confiar.<\/em> Sabemos lo que significa tener una persona de confianza para hacer los trabajos en casa , y gracias a nuestra labor y confianza de nuestros clientes , incorporamos <strong>Fontaner\u00eda , Electricidad<\/strong>, <strong>Carpinter\u00eda<\/strong>  y algunos otros servicios demandados por nuestros clientes. Formamos a nuestro personal para que usted siga tratando con su profesional de siempre . <\/p>\n\n\n\n<p><\/p>\n","protected":false},"excerpt":{"rendered":"<p>En GALIJARD\u00cdN amamos nuestro trabajo , nuestra formaci\u00f3n y experiencia nos hace adaptarnos a cada proyecto , a cada persona y presupuesto. D\u00e9janos formar parte de tu proyecto y asesorarte para que juntos logremos tu objetivo de jard\u00edn , piscina o otros de los muchos servicios en los que nos formamos para ser el profesional &hellip; <\/p>\n<p class=\"link-more\"><a href=\"https:\/\/www.galijardin.com\/index.php\/acerca-de\/\" class=\"more-link\">Continuar leyendo<span class=\"screen-reader-text\"> \u00ab\u00bf Quienes somos ?\u00bb<\/span><\/a><\/p>\n","protected":false},"author":1,"featured_media":0,"parent":0,"menu_order":0,"comment_status":"closed","ping_status":"closed","template":"","meta":{"footnotes":""},"class_list":["post-9","page","type-page","status-publish","hentry"],"_links":{"self":[{"href":"https:\/\/www.galijardin.com\/index.php\/wp-json\/wp\/v2\/pages\/9","targetHints":{"allow":["GET"]}}],"collection":[{"href":"https:\/\/www.galijardin.com\/index.php\/wp-json\/wp\/v2\/pages"}],"about":[{"href":"https:\/\/www.galijardin.com\/index.php\/wp-json\/wp\/v2\/types\/page"}],"author":[{"embeddable":true,"href":"https:\/\/www.galijardin.com\/index.php\/wp-json\/wp\/v2\/users\/1"}],"replies":[{"embeddable":true,"href":"https:\/\/www.galijardin.com\/index.php\/wp-json\/wp\/v2\/comments?post=9"}],"version-history":[{"count":8,"href":"https:\/\/www.galijardin.com\/index.php\/wp-json\/wp\/v2\/pages\/9\/revisions"}],"predecessor-version":[{"id":252,"href":"https:\/\/www.galijardin.com\/index.php\/wp-json\/wp\/v2\/pages\/9\/revisions\/252"}],"wp:attachment":[{"href":"https:\/\/www.galijardin.com\/index.php\/wp-json\/wp\/v2\/media?parent=9"}],"curies":[{"name":"wp","href":"https:\/\/api.w.org\/{rel}","templated":true}]}}